. Give w(-4).
-17
Let d(n) = -n**3 - 2*n**2 + 8*n + 2. Determine d(-7).
191
Let a(m) = -6*m + 103. Calculate a(18).
-5
Let n(r) = 37*r + 787. Calculate n(-21).
10
Let x(p) = -p**2 - 3*p - 5. Determine x(5).
-45
Let p(l) = -2*l**2 - 15*l + 191. Calculate p(-14).
9
Let s(h) = -h**2 - 7*h - 8. Calculate s(-6).
-2
Let u(o) = -o**3 - o - 16. Calculate u(0).
-16
Let q(p) = p**2 + 4*p - 29. Determine q(4).
3
Let s(i) = -i**3 - 4*i**2 - 3*i - 4. Determine s(-3).
-4
Let j(n) = 3*n**2 + 6*n + 7. Determine j(-4).
31
Let i(u) = u**2 + 12*u - 88. Give i(-17).
-3
Let r(h) = 8*h**2 + 10*h - 11. Determine r(1).
7
Let m(c) = -4*c**2 - 69*c - 11. Determine m(-17).
6
Let l(k) = k**3 + k**2 - 2*k + 6. Give l(0).
6
Let w(a) = 8*a - 6. Determine w(0).
-6
Let x(b) = b**3 + 11*b**2 + 2*b + 7. Determine x(-11).
-15
Let w(j) = 6*j**2 - 18*j - 9. What is w(7)?
159
Let s(m) = -m**2 - 5*m - 10. What is s(-9)?
-46
Let c(l) = -l**3 + 8*l**2 - 9*l - 5. Calculate c(7).
-19
Let i(o) = 11*o**3 - 1. What is i(1)?
10
Let b(i) = -i**2 + 6*i + 5. Give b(5).
10
Let f(x) = 3*x**2 + 36*x + 14. What is f(-12)?
14
Let j(n) = 5*n + 40. Give j(-7).
5
Let k(x) = 4*x - 92. What is k(22)?
-4
Let q(d) = -d**3 + 7*d**2 - 6*d. Calculate q(5).
20
Let b(h) = h**3 - 8*h**2 - 7*h - 19. Give b(9).
-1
Let x(s) = s**3 - 8*s**2 - 2*s + 11. Calculate x(8).
-5
Let p(t) = t**3 + 3*t**2 - 7*t - 3. Calculate p(-5).
-18
Let t(f) = f - 25. What is t(36)?
11
Let o(i) = 5*i + 75. Calculate o(-16).
-5
Let m(l) = 7*l**2 + 7*l + 6. What is m(-1)?
6
Let s(x) = 72*x + 8. Give s(-1).
-64
Let o(i) = 5*i + 10. Calculate o(-8).
-30
Let l(g) = -5*g + 53. What is l(11)?
-2
Let w(t) = -t**3 + 32*t**2 + 31*t + 74. Calculate w(33).
8
Let m(y) = -y**3 - 12*y**2 + 16*y + 45. Give m(-13).
6
Let l(j) = -j**3 + 6*j**2 + 4*j + 7. Determine l(6).
31
Let a(s) = -7*s**2 + 3*s + 2. What is a(-2)?
-32
Let p(y) = -5*y - 11. Give p(-2).
-1
Let v(h) = -2*h**2 + 45*h + 51. Give v(24).
-21
Let g(h) = 3*h**2 + 89*h - 31. What is g(-30)?
-1
Let h(i) = i**3 + 4*i**2 - 6*i - 6. What is h(-4)?
18
Let r(o) = o**2 - 5*o. What is r(6)?
6
Let b(g) = 10*g + 58. Calculate b(-7).
-12
Let u(t) = -20*t**2 + 3*t + 2. What is u(-1)?
-21
Let u(m) = -44*m - 1141. Give u(-26).
3
Let r(x) = -9*x - 56. Give r(-7).
7
Let o(s) = s**3 - 5*s**2 - 15*s + 5. Give o(7).
-2
Let j(t) = t**3 + 11*t**2 + 16*t + 12. Give j(-10).
-48
Let k(h) = 2*h + 78. What is k(0)?
78
Let z(o) = -11*o - 6. Give z(-3).
27
Let c(j) = -j - 33. What is c(-27)?
-6
Let t(r) = 43*r**2 - 2*r - 1. Give t(-1).
44
Let t(m) = -m**2 - 5*m + 8. Give t(-8).
-16
Let v(a) = -2*a**3 + 20*a**2 + a - 19. Give v(10).
-9
Let b(f) = -5*f**2 + 13*f - 9. Determine b(2).
-3
Let x(g) = g**3 + 9*g**2 - 3*g - 10. Determine x(-9).
17
Let q(f) = f**2 + 6*f - 3. What is q(-5)?
-8
Let d(b) = 10*b - 11. Determine d(-3).
-41
Let g(t) = -t**3 - 19*t**2 - 15*t + 20. What is g(-18)?
-34
Let n(w) = w**2 + 17*w - 16. Determine n(-9).
-88
Let v(r) = -r**3 + r - 27. Calculate v(0).
-27
Let y(r) = -29*r - 142. What is y(-5)?
3
Let x(q) = -q**3 - 20*q**2 - q - 26. What is x(-20)?
-6
Let k(h) = -h**2 + 7*h - 11. Give k(4).
1
Let n(s) = -9*s**2 + 17*s + 10. Give n(3).
-20
Let y(c) = -c**2 - 2*c - 1. Determine y(-1).
0
Let u(m) = -7*m - 5. Determine u(3).
-26
Let a(v) = v**2 + 7*v - 2. Determine a(-9).
16
Let p(q) = q**3 - 9*q**2 - 10*q + 6. Give p(10).
6
Let o(h) = -2*h**2 - 11*h - 8. Give o(-4).
4
Let r(b) = b**2 - 28*b + 115. What is r(22)?
-17
Let i(s) = -16*s**2 - 3*s - 2. What is i(-1)?
-15
Let a(q) = 26*q + 238. Calculate a(-10).
-22
Let q(a) = a**3 + 5*a**2 + 4*a - 3. Calculate q(-4).
-3
Let h(o) = o**2 + 19*o + 79. Calculate h(-15).
19
Let d(o) = -o**2 + o + 1. Calculate d(-4).
-19
Let k(s) = s**3 - 14*s**2 - 10*s - 33. Determine k(15).
42
Let r(y) = y**2 - 10*y + 5. Calculate r(5).
-20
Let y(c) = -2*c**2 + c - 2. What is y(0)?
-2
Let f(k) = -k**3 - k**2 - 13*k - 4. Calculate f(-3).
53
Let g(u) = -u**3 - 22*u**2 - 58*u - 44. Give g(-19).
-25
Let o(n) = -15*n + 105. Calculate o(8).
-15
Let q(d) = 7*d - 27. What is q(6)?
15
Let j(y) = -2*y - 3. What is j(-1)?
-1
Let t(f) = -f. Determine t(8).
-8
Let j(i) = -i**3 - 19*i**2 + 20*i + 12. What is j(-20)?
12
Let i(l) = -14*l**2 + 31*l. Calculate i(2).
6
Let t(w) = w**3 - 3*w**2 + 2*w - 2. What is t(4)?
22
Let c(k) = -k**2 + 2*k - 19. Determine c(-5).
-54
Let v(z) = -z**2 + 10*z + 4. Calculate v(5).
29
Let i(m) = m**2 - 2*m + 3. Determine i(4).
11
Let p(l) = -7*l**3 + 10*l + 1. Determine p(-2).
37
Let t(p) = 12*p**2 - 2*p - 1. What is t(2)?
43
Let h(x) = 2*x**3 - 31*x**2 - 15*x + 1. Calculate h(16).
17
Let j(u) = -u**2 + 32*u - 32. What is j(31)?
-1
Let g(i) = -8*i + 3. Determine g(-13).
107
Let d(y) = y**2 - y + 3. Calculate d(-3).
15
Let r(o) = -o**3 - 11*o**2 - 19*o + 35. What is r(-8)?
-5
Let r(q) = -q**2 + 12*q - 5. What is r(-5)?
-90
Let p(h) = 2*h + 32. Calculate p(-19).
-6
Let a(m) = 11*m**2 + 179*m + 56. Give a(-16).
8
Let a(m) = -87*m - 443. Calculate a(-5).
-8
Let n(r) = -4*r**2 + 17*r - 47. Determine n(3).
-32
Let i(g) = -12*g**3 + 3*g + 2. Give i(-1).
11
Let d(m) = 5*m**3 - 2*m**2 - m. Give d(-1).
-6
Let b(o) = -o**3 + 8*o**2 - 12*o + 10. What is b(6)?
10
Let c(a) = 9*a**2 + 48*a + 23. What is c(-5)?
8
Let h(j) = -6*j + 12. What is h(-6)?
48
Let u(m) = -m**3 - 15*m**2 + 128*m + 38. Determine u(-21).
-4
Let x(s) = -s**2 - 7*s - 9. Calculate x(-6).
-3
Let h(m) = 16*m - 299. What is h(19)?
5
Let r(n) = -n - 24. What is r(-26)?
2
Let f(z) = 3*z**3 + 2*z**2 + 4*z - 4. Calculate f(1).
5
Let d(a) = a**3 - 10*a**2 + 14*a - 11. Give d(9).
34
Let z(t) = -t**2 - 12*t + 8. Give z(-9).
35
Let u(p) = -p**2 - 5*p + 21. Give u(-12).
-63
Let a(u) = u + 12. Determine a(-13).
-1
Let d(x) = x**3 + 5*x**2 - 3*x - 17. Determine d(-3).
10
Let u(q) = -4*q + 44. Determine u(19).
-32
Let s(k) = -5*k - 1. Give s(14).
-71
Let n(u) = u**3 + 9*u**2 + 13*u + 12. Give n(-8).
-28
Let j(v) = v**3 + 12*v**2 + 10*v - 11. Calculate j(-11).
0
Let p(f) = -4*f**3 + 1. Determine p(-1).
5
Let s(j) = 28*j + 176. Determine s(-7).
-20
Let b(t) = -t**3 - 5*t**2 + t - 5. Determine b(-5).
-10
Let h(d) = 7*d - 209. Give h(31).
8
Let h(g) = 2*g + 1. What is h(-6)?
-11
Let j(s) = 16*s**3 - s**2 + s - 4. Determine j(2).
122
Let t(z) = -6*z**2 + 93*z - 43. What is t(15)?
2
Let r(m) = -m**2 + 19*m - 25. Determine r(18).
-7
Let t(n) = -n**2 - 13*n + 5. Calculate t(-13).
5
Let i(h) = 11*h - 140. Calculate i(14).
14
Let w(z) = -z**2 - 19*z - 18. Calculate w(-18).
0
Let v(m) = -4*m - 21. Determine v(-6).
3
Let y(m) = 21*m. Give y(-2).
-42
Let r(n) = n**2 + 8*n - 54. Give r(5).
11
Let f(k) = 4*k**2 + 3*k - 3. Determine f(1).
4
Let l(m) = -m**2 + 22*m + 28. Calculate l(23).
5
Let v(w) = 42*w + 26. Calculate v(-1).
-16
Let t(z) = -12*z + 206. Give t(18).
-10
Let v(n) = 6*n**2 - 2*n - 1. Determine v(-2).
27
Let l(g) = -g**2 - 9*g - 3. Calculate l(-5).
17
Let t(q) = 18*q**2 - 26*q - 24. Determine t(-1).
20
Let s(w) = w**2 + 24*w - 166. What is s(-30)?
14
Let t(y) = -18*y - 82. Determine t(-5).
8
Let d(x) = x**3 - 2*x**2 - 1. Determine d(0).
-1
Let r(v) = 4*v**2 + 2*v. What is r(-1)?
2
Let m(j) = -j**3 - 7*j**2 + 13*j - 22. What is m(-9)?
23
Let v(y) = y**3 - y**2 - 13*y + 4. Calculate v(-4).
-24
Let h(x) = x**2 - 11*x - 17. Calculate h(12).
-5
Let x(t) = -2*t**2 - 8*t + 12. Calculate x(-7).
-30
Let d(j) = -j**3 + 4*j**2 + 5*j. Determine d(4).
20
Let d(i) = -i**2 - 7*i + 87. Determine d(7).
-11
Let r(h) = -h**2 + 20*h - 29. What is r(17)?
22
Let l(v) = -v**2 - 9*v + 1. What is l(-11)?
-21
Let i(f) = -4*f**2 + 2*f - 11. Calculate i(4).
-67
Let m(z) = -z**3 + 3*z**2 + 18*z - 14. Calculate m(6).
-14
Let u(h) = -h**2 + 27*h - 58. Determine u(25).
-8
Let b(y) = 4*y**3 + y**2 + y. Determine b(-1).
-4
Let y(u) = u**3 - 8*u**2 + 2. What is y(8)?
2
Let w(g) = g**2 + 10*g + 8. Give w(-8).
-8
Let m(k) = -23*k + 222. What is m(10)?
-8
Let c(b) = -b**2 + 9*b + 12. Calculate c(9).
12
Let c(f) = -44*f**2 - 1. Determine c(-1).
-45
Let v(u) = -u**2 - 5*u + 35. What is v(-10)?
-15
Let z(s) = s + 16. Determine z(9).
25
Let q(s) = 2*s**2 + 16*s + 35. What is q(-7)?
21
Let y(r) = -r**3 + 11*r**2 - 10*r + 15. Determine y(10).
15
Let t(j) = -2*j - 14. Give t(29).
-72
Let k(u) = u**3 - 4*u**2 - 2*u + 5. Determine k(2).
-7
Let i(v) = -2*v + 28. Give i(